{"id":3886,"date":"2025-10-08T18:10:38","date_gmt":"2025-10-08T18:10:38","guid":{"rendered":"https:\/\/www.joibyssusmidur.com\/?page_id=3886"},"modified":"2025-10-08T18:10:38","modified_gmt":"2025-10-08T18:10:38","slug":"brno-model-301-cal-12-y-u","status":"publish","type":"page","link":"https:\/\/www.joibyssusmidur.com\/index.php\/notadar-byssur\/notadar-haglabyssur\/brno-model-301-cal-12-y-u\/","title":{"rendered":"Brno  Model 301 cal 12 Y\/U"},"content":{"rendered":"<p>Til S\u00f6lu Brno Model 301 undir \/yfir\u00a0 cal. 12 og fyrir 70mm skot, en b\u00fai\u00f0 er a\u00f0 lengja k\u00f3ninn og v\u00edkka \u00fat\u00a0 \u00ferengingarnar fyrir st\u00e1l og bl\u00e1ma hlaupi\u00f0, ekki miki\u00f0 skotinn\u00a0 byssa, sm\u00ed\u00f0u\u00f0 1990\u00a0 flott eintak<\/p>\n<p>Ver\u00f0 130.000 kr<\/p>\n<p><img loading=\"lazy\" decoding=\"async\" class=\"aligncenter size-full wp-image-3887\" src=\"https:\/\/www.joibyssusmidur.com\/wp-content\/uploads\/2025\/10\/Brno-Model-301.jpg\" alt=\"\" width=\"1536\" height=\"2048\" srcset=\"https:\/\/www.joibyssusmidur.com\/wp-content\/uploads\/2025\/10\/Brno-Model-301.jpg 1536w, https:\/\/www.joibyssusmidur.com\/wp-content\/uploads\/2025\/10\/Brno-Model-301-225x300.jpg 225w, https:\/\/www.joibyssusmidur.com\/wp-content\/uploads\/2025\/10\/Brno-Model-301-768x1024.jpg 768w, https:\/\/www.joibyssusmidur.com\/wp-content\/uploads\/2025\/10\/Brno-Model-301-1152x1536.jpg 1152w\" sizes=\"auto, (max-width: 1536px) 100vw, 1536px\" \/><\/p>\n","protected":false},"excerpt":{"rendered":"<p>Til S\u00f6lu Brno Model 301 undir \/yfir\u00a0 cal. 12 og fyrir 70mm skot, en b\u00fai\u00f0 er a\u00f0 lengja k\u00f3ninn og v\u00edkka \u00fat\u00a0 \u00ferengingarnar fyrir st\u00e1l og bl\u00e1ma hlaupi\u00f0, ekki miki\u00f0 skotinn\u00a0 byssa, sm\u00ed\u00f0u\u00f0 1990\u00a0 flott eintak Ver\u00f0 130.000 kr &hellip; <a class=\"more-link\" href=\"https:\/\/www.joibyssusmidur.com\/index.php\/notadar-byssur\/notadar-haglabyssur\/brno-model-301-cal-12-y-u\/\">Continue reading <span class=\"meta-nav\">&rarr;<\/span><\/a><\/p>\n","protected":false},"author":5,"featured_media":0,"parent":400,"menu_order":0,"comment_status":"closed","ping_status":"closed","template":"","meta":{"footnotes":""},"class_list":["post-3886","page","type-page","status-publish","hentry"],"yoast_head":"<!-- This site is optimized with the Yoast SEO plugin v27.4 - https:\/\/yoast.com\/product\/yoast-seo-wordpress\/ -->\n<title>Brno Model 301 cal 12 Y\/U - J\u00f3i byssusmi\u00f0ur<\/title>\n<meta name=\"robots\" content=\"index, follow, max-snippet:-1, max-image-preview:large, max-video-preview:-1\" \/>\n<link rel=\"canonical\" href=\"https:\/\/www.joibyssusmidur.com\/index.php\/notadar-byssur\/notadar-haglabyssur\/brno-model-301-cal-12-y-u\/\" \/>\n<meta property=\"og:locale\" content=\"en_US\" \/>\n<meta property=\"og:type\" content=\"article\" \/>\n<meta property=\"og:title\" content=\"Brno Model 301 cal 12 Y\/U - J\u00f3i byssusmi\u00f0ur\" \/>\n<meta property=\"og:description\" content=\"Til S\u00f6lu Brno Model 301 undir \/yfir\u00a0 cal. 12 og fyrir 70mm skot, en b\u00fai\u00f0 er a\u00f0 lengja k\u00f3ninn og v\u00edkka \u00fat\u00a0 \u00ferengingarnar fyrir st\u00e1l og bl\u00e1ma hlaupi\u00f0, ekki miki\u00f0 skotinn\u00a0 byssa, sm\u00ed\u00f0u\u00f0 1990\u00a0 flott eintak Ver\u00f0 130.000 kr &hellip; Continue reading &rarr;\" \/>\n<meta property=\"og:url\" content=\"https:\/\/www.joibyssusmidur.com\/index.php\/notadar-byssur\/notadar-haglabyssur\/brno-model-301-cal-12-y-u\/\" \/>\n<meta property=\"og:site_name\" content=\"J\u00f3i byssusmi\u00f0ur\" \/>\n<meta property=\"og:image\" content=\"https:\/\/www.joibyssusmidur.com\/wp-content\/uploads\/2025\/10\/Brno-Model-301.jpg\" \/>\n\t<meta property=\"og:image:width\" content=\"1536\" \/>\n\t<meta property=\"og:image:height\" content=\"2048\" \/>\n\t<meta property=\"og:image:type\" content=\"image\/jpeg\" \/>\n<meta name=\"twitter:card\" content=\"summary_large_image\" \/>\n<meta name=\"twitter:label1\" content=\"Est. reading time\" \/>\n\t<meta name=\"twitter:data1\" content=\"1 minute\" \/>\n<script type=\"application\/ld+json\" class=\"yoast-schema-graph\">{\"@context\":\"https:\\\/\\\/schema.org\",\"@graph\":[{\"@type\":\"WebPage\",\"@id\":\"https:\\\/\\\/www.joibyssusmidur.com\\\/index.php\\\/notadar-byssur\\\/notadar-haglabyssur\\\/brno-model-301-cal-12-y-u\\\/\",\"url\":\"https:\\\/\\\/www.joibyssusmidur.com\\\/index.php\\\/notadar-byssur\\\/notadar-haglabyssur\\\/brno-model-301-cal-12-y-u\\\/\",\"name\":\"Brno Model 301 cal 12 Y\\\/U - J\u00f3i byssusmi\u00f0ur\",\"isPartOf\":{\"@id\":\"https:\\\/\\\/www.joibyssusmidur.com\\\/#website\"},\"primaryImageOfPage\":{\"@id\":\"https:\\\/\\\/www.joibyssusmidur.com\\\/index.php\\\/notadar-byssur\\\/notadar-haglabyssur\\\/brno-model-301-cal-12-y-u\\\/#primaryimage\"},\"image\":{\"@id\":\"https:\\\/\\\/www.joibyssusmidur.com\\\/index.php\\\/notadar-byssur\\\/notadar-haglabyssur\\\/brno-model-301-cal-12-y-u\\\/#primaryimage\"},\"thumbnailUrl\":\"https:\\\/\\\/www.joibyssusmidur.com\\\/wp-content\\\/uploads\\\/2025\\\/10\\\/Brno-Model-301.jpg\",\"datePublished\":\"2025-10-08T18:10:38+00:00\",\"breadcrumb\":{\"@id\":\"https:\\\/\\\/www.joibyssusmidur.com\\\/index.php\\\/notadar-byssur\\\/notadar-haglabyssur\\\/brno-model-301-cal-12-y-u\\\/#breadcrumb\"},\"inLanguage\":\"en-US\",\"potentialAction\":[{\"@type\":\"ReadAction\",\"target\":[\"https:\\\/\\\/www.joibyssusmidur.com\\\/index.php\\\/notadar-byssur\\\/notadar-haglabyssur\\\/brno-model-301-cal-12-y-u\\\/\"]}]},{\"@type\":\"ImageObject\",\"inLanguage\":\"en-US\",\"@id\":\"https:\\\/\\\/www.joibyssusmidur.com\\\/index.php\\\/notadar-byssur\\\/notadar-haglabyssur\\\/brno-model-301-cal-12-y-u\\\/#primaryimage\",\"url\":\"https:\\\/\\\/www.joibyssusmidur.com\\\/wp-content\\\/uploads\\\/2025\\\/10\\\/Brno-Model-301.jpg\",\"contentUrl\":\"https:\\\/\\\/www.joibyssusmidur.com\\\/wp-content\\\/uploads\\\/2025\\\/10\\\/Brno-Model-301.jpg\",\"width\":1536,\"height\":2048},{\"@type\":\"BreadcrumbList\",\"@id\":\"https:\\\/\\\/www.joibyssusmidur.com\\\/index.php\\\/notadar-byssur\\\/notadar-haglabyssur\\\/brno-model-301-cal-12-y-u\\\/#breadcrumb\",\"itemListElement\":[{\"@type\":\"ListItem\",\"position\":1,\"name\":\"Home\",\"item\":\"https:\\\/\\\/www.joibyssusmidur.com\\\/\"},{\"@type\":\"ListItem\",\"position\":2,\"name\":\"Nota\u00f0ar byssur\",\"item\":\"https:\\\/\\\/www.joibyssusmidur.com\\\/index.php\\\/notadar-byssur\\\/\"},{\"@type\":\"ListItem\",\"position\":3,\"name\":\"Nota\u00f0ar haglabyssur\",\"item\":\"https:\\\/\\\/www.joibyssusmidur.com\\\/index.php\\\/notadar-byssur\\\/notadar-haglabyssur\\\/\"},{\"@type\":\"ListItem\",\"position\":4,\"name\":\"Brno Model 301 cal 12 Y\\\/U\"}]},{\"@type\":\"WebSite\",\"@id\":\"https:\\\/\\\/www.joibyssusmidur.com\\\/#website\",\"url\":\"https:\\\/\\\/www.joibyssusmidur.com\\\/\",\"name\":\"J\u00f3i byssusmi\u00f0ur\",\"description\":\"joibyssusmidur\",\"publisher\":{\"@id\":\"https:\\\/\\\/www.joibyssusmidur.com\\\/#\\\/schema\\\/person\\\/8a757fb5de9f249e91d49840047de199\"},\"potentialAction\":[{\"@type\":\"SearchAction\",\"target\":{\"@type\":\"EntryPoint\",\"urlTemplate\":\"https:\\\/\\\/www.joibyssusmidur.com\\\/?s={search_term_string}\"},\"query-input\":{\"@type\":\"PropertyValueSpecification\",\"valueRequired\":true,\"valueName\":\"search_term_string\"}}],\"inLanguage\":\"en-US\"},{\"@type\":[\"Person\",\"Organization\"],\"@id\":\"https:\\\/\\\/www.joibyssusmidur.com\\\/#\\\/schema\\\/person\\\/8a757fb5de9f249e91d49840047de199\",\"name\":\"J\u00f3hann Vilhj\u00e1lmsson\",\"image\":{\"@type\":\"ImageObject\",\"inLanguage\":\"en-US\",\"@id\":\"https:\\\/\\\/secure.gravatar.com\\\/avatar\\\/752ab1088a5ce88b8c12eeb05bafe23c8611b12ccbfc8621c0e4dd63e5e440a1?s=96&d=mm&r=g\",\"url\":\"https:\\\/\\\/secure.gravatar.com\\\/avatar\\\/752ab1088a5ce88b8c12eeb05bafe23c8611b12ccbfc8621c0e4dd63e5e440a1?s=96&d=mm&r=g\",\"contentUrl\":\"https:\\\/\\\/secure.gravatar.com\\\/avatar\\\/752ab1088a5ce88b8c12eeb05bafe23c8611b12ccbfc8621c0e4dd63e5e440a1?s=96&d=mm&r=g\",\"caption\":\"J\u00f3hann Vilhj\u00e1lmsson\"},\"logo\":{\"@id\":\"https:\\\/\\\/secure.gravatar.com\\\/avatar\\\/752ab1088a5ce88b8c12eeb05bafe23c8611b12ccbfc8621c0e4dd63e5e440a1?s=96&d=mm&r=g\"},\"sameAs\":[\"https:\\\/\\\/www.joibyssusmidur.com\"]}]}<\/script>\n<!-- \/ Yoast SEO plugin. -->","yoast_head_json":{"title":"Brno Model 301 cal 12 Y\/U - J\u00f3i byssusmi\u00f0ur","robots":{"index":"index","follow":"follow","max-snippet":"max-snippet:-1","max-image-preview":"max-image-preview:large","max-video-preview":"max-video-preview:-1"},"canonical":"https:\/\/www.joibyssusmidur.com\/index.php\/notadar-byssur\/notadar-haglabyssur\/brno-model-301-cal-12-y-u\/","og_locale":"en_US","og_type":"article","og_title":"Brno Model 301 cal 12 Y\/U - J\u00f3i byssusmi\u00f0ur","og_description":"Til S\u00f6lu Brno Model 301 undir \/yfir\u00a0 cal. 12 og fyrir 70mm skot, en b\u00fai\u00f0 er a\u00f0 lengja k\u00f3ninn og v\u00edkka \u00fat\u00a0 \u00ferengingarnar fyrir st\u00e1l og bl\u00e1ma hlaupi\u00f0, ekki miki\u00f0 skotinn\u00a0 byssa, sm\u00ed\u00f0u\u00f0 1990\u00a0 flott eintak Ver\u00f0 130.000 kr &hellip; Continue reading &rarr;","og_url":"https:\/\/www.joibyssusmidur.com\/index.php\/notadar-byssur\/notadar-haglabyssur\/brno-model-301-cal-12-y-u\/","og_site_name":"J\u00f3i byssusmi\u00f0ur","og_image":[{"width":1536,"height":2048,"url":"https:\/\/www.joibyssusmidur.com\/wp-content\/uploads\/2025\/10\/Brno-Model-301.jpg","type":"image\/jpeg"}],"twitter_card":"summary_large_image","twitter_misc":{"Est. reading time":"1 minute"},"schema":{"@context":"https:\/\/schema.org","@graph":[{"@type":"WebPage","@id":"https:\/\/www.joibyssusmidur.com\/index.php\/notadar-byssur\/notadar-haglabyssur\/brno-model-301-cal-12-y-u\/","url":"https:\/\/www.joibyssusmidur.com\/index.php\/notadar-byssur\/notadar-haglabyssur\/brno-model-301-cal-12-y-u\/","name":"Brno Model 301 cal 12 Y\/U - J\u00f3i byssusmi\u00f0ur","isPartOf":{"@id":"https:\/\/www.joibyssusmidur.com\/#website"},"primaryImageOfPage":{"@id":"https:\/\/www.joibyssusmidur.com\/index.php\/notadar-byssur\/notadar-haglabyssur\/brno-model-301-cal-12-y-u\/#primaryimage"},"image":{"@id":"https:\/\/www.joibyssusmidur.com\/index.php\/notadar-byssur\/notadar-haglabyssur\/brno-model-301-cal-12-y-u\/#primaryimage"},"thumbnailUrl":"https:\/\/www.joibyssusmidur.com\/wp-content\/uploads\/2025\/10\/Brno-Model-301.jpg","datePublished":"2025-10-08T18:10:38+00:00","breadcrumb":{"@id":"https:\/\/www.joibyssusmidur.com\/index.php\/notadar-byssur\/notadar-haglabyssur\/brno-model-301-cal-12-y-u\/#breadcrumb"},"inLanguage":"en-US","potentialAction":[{"@type":"ReadAction","target":["https:\/\/www.joibyssusmidur.com\/index.php\/notadar-byssur\/notadar-haglabyssur\/brno-model-301-cal-12-y-u\/"]}]},{"@type":"ImageObject","inLanguage":"en-US","@id":"https:\/\/www.joibyssusmidur.com\/index.php\/notadar-byssur\/notadar-haglabyssur\/brno-model-301-cal-12-y-u\/#primaryimage","url":"https:\/\/www.joibyssusmidur.com\/wp-content\/uploads\/2025\/10\/Brno-Model-301.jpg","contentUrl":"https:\/\/www.joibyssusmidur.com\/wp-content\/uploads\/2025\/10\/Brno-Model-301.jpg","width":1536,"height":2048},{"@type":"BreadcrumbList","@id":"https:\/\/www.joibyssusmidur.com\/index.php\/notadar-byssur\/notadar-haglabyssur\/brno-model-301-cal-12-y-u\/#breadcrumb","itemListElement":[{"@type":"ListItem","position":1,"name":"Home","item":"https:\/\/www.joibyssusmidur.com\/"},{"@type":"ListItem","position":2,"name":"Nota\u00f0ar byssur","item":"https:\/\/www.joibyssusmidur.com\/index.php\/notadar-byssur\/"},{"@type":"ListItem","position":3,"name":"Nota\u00f0ar haglabyssur","item":"https:\/\/www.joibyssusmidur.com\/index.php\/notadar-byssur\/notadar-haglabyssur\/"},{"@type":"ListItem","position":4,"name":"Brno Model 301 cal 12 Y\/U"}]},{"@type":"WebSite","@id":"https:\/\/www.joibyssusmidur.com\/#website","url":"https:\/\/www.joibyssusmidur.com\/","name":"J\u00f3i byssusmi\u00f0ur","description":"joibyssusmidur","publisher":{"@id":"https:\/\/www.joibyssusmidur.com\/#\/schema\/person\/8a757fb5de9f249e91d49840047de199"},"potentialAction":[{"@type":"SearchAction","target":{"@type":"EntryPoint","urlTemplate":"https:\/\/www.joibyssusmidur.com\/?s={search_term_string}"},"query-input":{"@type":"PropertyValueSpecification","valueRequired":true,"valueName":"search_term_string"}}],"inLanguage":"en-US"},{"@type":["Person","Organization"],"@id":"https:\/\/www.joibyssusmidur.com\/#\/schema\/person\/8a757fb5de9f249e91d49840047de199","name":"J\u00f3hann Vilhj\u00e1lmsson","image":{"@type":"ImageObject","inLanguage":"en-US","@id":"https:\/\/secure.gravatar.com\/avatar\/752ab1088a5ce88b8c12eeb05bafe23c8611b12ccbfc8621c0e4dd63e5e440a1?s=96&d=mm&r=g","url":"https:\/\/secure.gravatar.com\/avatar\/752ab1088a5ce88b8c12eeb05bafe23c8611b12ccbfc8621c0e4dd63e5e440a1?s=96&d=mm&r=g","contentUrl":"https:\/\/secure.gravatar.com\/avatar\/752ab1088a5ce88b8c12eeb05bafe23c8611b12ccbfc8621c0e4dd63e5e440a1?s=96&d=mm&r=g","caption":"J\u00f3hann Vilhj\u00e1lmsson"},"logo":{"@id":"https:\/\/secure.gravatar.com\/avatar\/752ab1088a5ce88b8c12eeb05bafe23c8611b12ccbfc8621c0e4dd63e5e440a1?s=96&d=mm&r=g"},"sameAs":["https:\/\/www.joibyssusmidur.com"]}]}},"_links":{"self":[{"href":"https:\/\/www.joibyssusmidur.com\/index.php\/wp-json\/wp\/v2\/pages\/3886","targetHints":{"allow":["GET"]}}],"collection":[{"href":"https:\/\/www.joibyssusmidur.com\/index.php\/wp-json\/wp\/v2\/pages"}],"about":[{"href":"https:\/\/www.joibyssusmidur.com\/index.php\/wp-json\/wp\/v2\/types\/page"}],"author":[{"embeddable":true,"href":"https:\/\/www.joibyssusmidur.com\/index.php\/wp-json\/wp\/v2\/users\/5"}],"replies":[{"embeddable":true,"href":"https:\/\/www.joibyssusmidur.com\/index.php\/wp-json\/wp\/v2\/comments?post=3886"}],"version-history":[{"count":1,"href":"https:\/\/www.joibyssusmidur.com\/index.php\/wp-json\/wp\/v2\/pages\/3886\/revisions"}],"predecessor-version":[{"id":3888,"href":"https:\/\/www.joibyssusmidur.com\/index.php\/wp-json\/wp\/v2\/pages\/3886\/revisions\/3888"}],"up":[{"embeddable":true,"href":"https:\/\/www.joibyssusmidur.com\/index.php\/wp-json\/wp\/v2\/pages\/400"}],"wp:attachment":[{"href":"https:\/\/www.joibyssusmidur.com\/index.php\/wp-json\/wp\/v2\/media?parent=3886"}],"curies":[{"name":"wp","href":"https:\/\/api.w.org\/{rel}","templated":true}]}}