{"id":3415,"date":"2023-09-02T16:16:43","date_gmt":"2023-09-02T16:16:43","guid":{"rendered":"https:\/\/www.joibyssusmidur.com\/?page_id=3415"},"modified":"2023-09-02T16:27:33","modified_gmt":"2023-09-02T16:27:33","slug":"remington-scoremaster-model-511","status":"publish","type":"page","link":"https:\/\/www.joibyssusmidur.com\/index.php\/notadar-byssur\/notadir-rifflar\/remington-scoremaster-model-511\/","title":{"rendered":"Remington Scoremaster model 511"},"content":{"rendered":"<p>Til s\u00f6lu Remington Scoremaster\u00a0 model 511 cal. .22 LR\u00a0 ore Short ,sm\u00ed\u00f0a\u00f0ur 1945 , uppger\u00f0ur af J\u00f3a byssusmi\u00f0<\/p>\n<p>Ver\u00f0 100.000<\/p>\n<p><img loading=\"lazy\" decoding=\"async\" class=\"aligncenter size-full wp-image-3416\" src=\"https:\/\/www.joibyssusmidur.com\/wp-content\/uploads\/2023\/09\/Remington-Scoremaster-model-511.jpg\" alt=\"\" width=\"2000\" height=\"1500\" srcset=\"https:\/\/www.joibyssusmidur.com\/wp-content\/uploads\/2023\/09\/Remington-Scoremaster-model-511.jpg 2000w, https:\/\/www.joibyssusmidur.com\/wp-content\/uploads\/2023\/09\/Remington-Scoremaster-model-511-300x225.jpg 300w, https:\/\/www.joibyssusmidur.com\/wp-content\/uploads\/2023\/09\/Remington-Scoremaster-model-511-1024x768.jpg 1024w, https:\/\/www.joibyssusmidur.com\/wp-content\/uploads\/2023\/09\/Remington-Scoremaster-model-511-768x576.jpg 768w, https:\/\/www.joibyssusmidur.com\/wp-content\/uploads\/2023\/09\/Remington-Scoremaster-model-511-1536x1152.jpg 1536w, https:\/\/www.joibyssusmidur.com\/wp-content\/uploads\/2023\/09\/Remington-Scoremaster-model-511-400x300.jpg 400w\" sizes=\"auto, (max-width: 2000px) 100vw, 2000px\" \/><\/p>\n","protected":false},"excerpt":{"rendered":"<p>Til s\u00f6lu Remington Scoremaster\u00a0 model 511 cal. .22 LR\u00a0 ore Short ,sm\u00ed\u00f0a\u00f0ur 1945 , uppger\u00f0ur af J\u00f3a byssusmi\u00f0 Ver\u00f0 100.000 &hellip; <a class=\"more-link\" href=\"https:\/\/www.joibyssusmidur.com\/index.php\/notadar-byssur\/notadir-rifflar\/remington-scoremaster-model-511\/\">Continue reading <span class=\"meta-nav\">&rarr;<\/span><\/a><\/p>\n","protected":false},"author":5,"featured_media":0,"parent":3257,"menu_order":0,"comment_status":"closed","ping_status":"closed","template":"","meta":{"footnotes":""},"class_list":["post-3415","page","type-page","status-publish","hentry"],"yoast_head":"<!-- This site is optimized with the Yoast SEO plugin v27.3 - https:\/\/yoast.com\/product\/yoast-seo-wordpress\/ -->\n<title>Remington Scoremaster model 511 - J\u00f3i byssusmi\u00f0ur<\/title>\n<meta name=\"robots\" content=\"index, follow, max-snippet:-1, max-image-preview:large, max-video-preview:-1\" \/>\n<link rel=\"canonical\" href=\"https:\/\/www.joibyssusmidur.com\/index.php\/notadar-byssur\/notadir-rifflar\/remington-scoremaster-model-511\/\" \/>\n<meta property=\"og:locale\" content=\"en_US\" \/>\n<meta property=\"og:type\" content=\"article\" \/>\n<meta property=\"og:title\" content=\"Remington Scoremaster model 511 - J\u00f3i byssusmi\u00f0ur\" \/>\n<meta property=\"og:description\" content=\"Til s\u00f6lu Remington Scoremaster\u00a0 model 511 cal. .22 LR\u00a0 ore Short ,sm\u00ed\u00f0a\u00f0ur 1945 , uppger\u00f0ur af J\u00f3a byssusmi\u00f0 Ver\u00f0 100.000 &hellip; Continue reading &rarr;\" \/>\n<meta property=\"og:url\" content=\"https:\/\/www.joibyssusmidur.com\/index.php\/notadar-byssur\/notadir-rifflar\/remington-scoremaster-model-511\/\" \/>\n<meta property=\"og:site_name\" content=\"J\u00f3i byssusmi\u00f0ur\" \/>\n<meta property=\"article:modified_time\" content=\"2023-09-02T16:27:33+00:00\" \/>\n<meta property=\"og:image\" content=\"https:\/\/www.joibyssusmidur.com\/wp-content\/uploads\/2023\/09\/Remington-Scoremaster-model-511.jpg\" \/>\n<meta name=\"twitter:card\" content=\"summary_large_image\" \/>\n<meta name=\"twitter:label1\" content=\"Est. reading time\" \/>\n\t<meta name=\"twitter:data1\" content=\"1 minute\" \/>\n<script type=\"application\/ld+json\" class=\"yoast-schema-graph\">{\"@context\":\"https:\\\/\\\/schema.org\",\"@graph\":[{\"@type\":\"WebPage\",\"@id\":\"https:\\\/\\\/www.joibyssusmidur.com\\\/index.php\\\/notadar-byssur\\\/notadir-rifflar\\\/remington-scoremaster-model-511\\\/\",\"url\":\"https:\\\/\\\/www.joibyssusmidur.com\\\/index.php\\\/notadar-byssur\\\/notadir-rifflar\\\/remington-scoremaster-model-511\\\/\",\"name\":\"Remington Scoremaster model 511 - J\u00f3i byssusmi\u00f0ur\",\"isPartOf\":{\"@id\":\"https:\\\/\\\/www.joibyssusmidur.com\\\/#website\"},\"primaryImageOfPage\":{\"@id\":\"https:\\\/\\\/www.joibyssusmidur.com\\\/index.php\\\/notadar-byssur\\\/notadir-rifflar\\\/remington-scoremaster-model-511\\\/#primaryimage\"},\"image\":{\"@id\":\"https:\\\/\\\/www.joibyssusmidur.com\\\/index.php\\\/notadar-byssur\\\/notadir-rifflar\\\/remington-scoremaster-model-511\\\/#primaryimage\"},\"thumbnailUrl\":\"https:\\\/\\\/www.joibyssusmidur.com\\\/wp-content\\\/uploads\\\/2023\\\/09\\\/Remington-Scoremaster-model-511.jpg\",\"datePublished\":\"2023-09-02T16:16:43+00:00\",\"dateModified\":\"2023-09-02T16:27:33+00:00\",\"breadcrumb\":{\"@id\":\"https:\\\/\\\/www.joibyssusmidur.com\\\/index.php\\\/notadar-byssur\\\/notadir-rifflar\\\/remington-scoremaster-model-511\\\/#breadcrumb\"},\"inLanguage\":\"en-US\",\"potentialAction\":[{\"@type\":\"ReadAction\",\"target\":[\"https:\\\/\\\/www.joibyssusmidur.com\\\/index.php\\\/notadar-byssur\\\/notadir-rifflar\\\/remington-scoremaster-model-511\\\/\"]}]},{\"@type\":\"ImageObject\",\"inLanguage\":\"en-US\",\"@id\":\"https:\\\/\\\/www.joibyssusmidur.com\\\/index.php\\\/notadar-byssur\\\/notadir-rifflar\\\/remington-scoremaster-model-511\\\/#primaryimage\",\"url\":\"https:\\\/\\\/www.joibyssusmidur.com\\\/wp-content\\\/uploads\\\/2023\\\/09\\\/Remington-Scoremaster-model-511.jpg\",\"contentUrl\":\"https:\\\/\\\/www.joibyssusmidur.com\\\/wp-content\\\/uploads\\\/2023\\\/09\\\/Remington-Scoremaster-model-511.jpg\",\"width\":2000,\"height\":1500},{\"@type\":\"BreadcrumbList\",\"@id\":\"https:\\\/\\\/www.joibyssusmidur.com\\\/index.php\\\/notadar-byssur\\\/notadir-rifflar\\\/remington-scoremaster-model-511\\\/#breadcrumb\",\"itemListElement\":[{\"@type\":\"ListItem\",\"position\":1,\"name\":\"Home\",\"item\":\"https:\\\/\\\/www.joibyssusmidur.com\\\/\"},{\"@type\":\"ListItem\",\"position\":2,\"name\":\"Nota\u00f0ar byssur\",\"item\":\"https:\\\/\\\/www.joibyssusmidur.com\\\/index.php\\\/notadar-byssur\\\/\"},{\"@type\":\"ListItem\",\"position\":3,\"name\":\"Nota\u00f0ir rifflar\",\"item\":\"https:\\\/\\\/www.joibyssusmidur.com\\\/index.php\\\/notadar-byssur\\\/notadir-rifflar\\\/\"},{\"@type\":\"ListItem\",\"position\":4,\"name\":\"Remington Scoremaster model 511\"}]},{\"@type\":\"WebSite\",\"@id\":\"https:\\\/\\\/www.joibyssusmidur.com\\\/#website\",\"url\":\"https:\\\/\\\/www.joibyssusmidur.com\\\/\",\"name\":\"J\u00f3i byssusmi\u00f0ur\",\"description\":\"joibyssusmidur\",\"publisher\":{\"@id\":\"https:\\\/\\\/www.joibyssusmidur.com\\\/#\\\/schema\\\/person\\\/8a757fb5de9f249e91d49840047de199\"},\"potentialAction\":[{\"@type\":\"SearchAction\",\"target\":{\"@type\":\"EntryPoint\",\"urlTemplate\":\"https:\\\/\\\/www.joibyssusmidur.com\\\/?s={search_term_string}\"},\"query-input\":{\"@type\":\"PropertyValueSpecification\",\"valueRequired\":true,\"valueName\":\"search_term_string\"}}],\"inLanguage\":\"en-US\"},{\"@type\":[\"Person\",\"Organization\"],\"@id\":\"https:\\\/\\\/www.joibyssusmidur.com\\\/#\\\/schema\\\/person\\\/8a757fb5de9f249e91d49840047de199\",\"name\":\"J\u00f3hann Vilhj\u00e1lmsson\",\"image\":{\"@type\":\"ImageObject\",\"inLanguage\":\"en-US\",\"@id\":\"https:\\\/\\\/secure.gravatar.com\\\/avatar\\\/752ab1088a5ce88b8c12eeb05bafe23c8611b12ccbfc8621c0e4dd63e5e440a1?s=96&d=mm&r=g\",\"url\":\"https:\\\/\\\/secure.gravatar.com\\\/avatar\\\/752ab1088a5ce88b8c12eeb05bafe23c8611b12ccbfc8621c0e4dd63e5e440a1?s=96&d=mm&r=g\",\"contentUrl\":\"https:\\\/\\\/secure.gravatar.com\\\/avatar\\\/752ab1088a5ce88b8c12eeb05bafe23c8611b12ccbfc8621c0e4dd63e5e440a1?s=96&d=mm&r=g\",\"caption\":\"J\u00f3hann Vilhj\u00e1lmsson\"},\"logo\":{\"@id\":\"https:\\\/\\\/secure.gravatar.com\\\/avatar\\\/752ab1088a5ce88b8c12eeb05bafe23c8611b12ccbfc8621c0e4dd63e5e440a1?s=96&d=mm&r=g\"},\"sameAs\":[\"https:\\\/\\\/www.joibyssusmidur.com\"]}]}<\/script>\n<!-- \/ Yoast SEO plugin. -->","yoast_head_json":{"title":"Remington Scoremaster model 511 - J\u00f3i byssusmi\u00f0ur","robots":{"index":"index","follow":"follow","max-snippet":"max-snippet:-1","max-image-preview":"max-image-preview:large","max-video-preview":"max-video-preview:-1"},"canonical":"https:\/\/www.joibyssusmidur.com\/index.php\/notadar-byssur\/notadir-rifflar\/remington-scoremaster-model-511\/","og_locale":"en_US","og_type":"article","og_title":"Remington Scoremaster model 511 - J\u00f3i byssusmi\u00f0ur","og_description":"Til s\u00f6lu Remington Scoremaster\u00a0 model 511 cal. .22 LR\u00a0 ore Short ,sm\u00ed\u00f0a\u00f0ur 1945 , uppger\u00f0ur af J\u00f3a byssusmi\u00f0 Ver\u00f0 100.000 &hellip; Continue reading &rarr;","og_url":"https:\/\/www.joibyssusmidur.com\/index.php\/notadar-byssur\/notadir-rifflar\/remington-scoremaster-model-511\/","og_site_name":"J\u00f3i byssusmi\u00f0ur","article_modified_time":"2023-09-02T16:27:33+00:00","og_image":[{"url":"https:\/\/www.joibyssusmidur.com\/wp-content\/uploads\/2023\/09\/Remington-Scoremaster-model-511.jpg","type":"","width":"","height":""}],"twitter_card":"summary_large_image","twitter_misc":{"Est. reading time":"1 minute"},"schema":{"@context":"https:\/\/schema.org","@graph":[{"@type":"WebPage","@id":"https:\/\/www.joibyssusmidur.com\/index.php\/notadar-byssur\/notadir-rifflar\/remington-scoremaster-model-511\/","url":"https:\/\/www.joibyssusmidur.com\/index.php\/notadar-byssur\/notadir-rifflar\/remington-scoremaster-model-511\/","name":"Remington Scoremaster model 511 - J\u00f3i byssusmi\u00f0ur","isPartOf":{"@id":"https:\/\/www.joibyssusmidur.com\/#website"},"primaryImageOfPage":{"@id":"https:\/\/www.joibyssusmidur.com\/index.php\/notadar-byssur\/notadir-rifflar\/remington-scoremaster-model-511\/#primaryimage"},"image":{"@id":"https:\/\/www.joibyssusmidur.com\/index.php\/notadar-byssur\/notadir-rifflar\/remington-scoremaster-model-511\/#primaryimage"},"thumbnailUrl":"https:\/\/www.joibyssusmidur.com\/wp-content\/uploads\/2023\/09\/Remington-Scoremaster-model-511.jpg","datePublished":"2023-09-02T16:16:43+00:00","dateModified":"2023-09-02T16:27:33+00:00","breadcrumb":{"@id":"https:\/\/www.joibyssusmidur.com\/index.php\/notadar-byssur\/notadir-rifflar\/remington-scoremaster-model-511\/#breadcrumb"},"inLanguage":"en-US","potentialAction":[{"@type":"ReadAction","target":["https:\/\/www.joibyssusmidur.com\/index.php\/notadar-byssur\/notadir-rifflar\/remington-scoremaster-model-511\/"]}]},{"@type":"ImageObject","inLanguage":"en-US","@id":"https:\/\/www.joibyssusmidur.com\/index.php\/notadar-byssur\/notadir-rifflar\/remington-scoremaster-model-511\/#primaryimage","url":"https:\/\/www.joibyssusmidur.com\/wp-content\/uploads\/2023\/09\/Remington-Scoremaster-model-511.jpg","contentUrl":"https:\/\/www.joibyssusmidur.com\/wp-content\/uploads\/2023\/09\/Remington-Scoremaster-model-511.jpg","width":2000,"height":1500},{"@type":"BreadcrumbList","@id":"https:\/\/www.joibyssusmidur.com\/index.php\/notadar-byssur\/notadir-rifflar\/remington-scoremaster-model-511\/#breadcrumb","itemListElement":[{"@type":"ListItem","position":1,"name":"Home","item":"https:\/\/www.joibyssusmidur.com\/"},{"@type":"ListItem","position":2,"name":"Nota\u00f0ar byssur","item":"https:\/\/www.joibyssusmidur.com\/index.php\/notadar-byssur\/"},{"@type":"ListItem","position":3,"name":"Nota\u00f0ir rifflar","item":"https:\/\/www.joibyssusmidur.com\/index.php\/notadar-byssur\/notadir-rifflar\/"},{"@type":"ListItem","position":4,"name":"Remington Scoremaster model 511"}]},{"@type":"WebSite","@id":"https:\/\/www.joibyssusmidur.com\/#website","url":"https:\/\/www.joibyssusmidur.com\/","name":"J\u00f3i byssusmi\u00f0ur","description":"joibyssusmidur","publisher":{"@id":"https:\/\/www.joibyssusmidur.com\/#\/schema\/person\/8a757fb5de9f249e91d49840047de199"},"potentialAction":[{"@type":"SearchAction","target":{"@type":"EntryPoint","urlTemplate":"https:\/\/www.joibyssusmidur.com\/?s={search_term_string}"},"query-input":{"@type":"PropertyValueSpecification","valueRequired":true,"valueName":"search_term_string"}}],"inLanguage":"en-US"},{"@type":["Person","Organization"],"@id":"https:\/\/www.joibyssusmidur.com\/#\/schema\/person\/8a757fb5de9f249e91d49840047de199","name":"J\u00f3hann Vilhj\u00e1lmsson","image":{"@type":"ImageObject","inLanguage":"en-US","@id":"https:\/\/secure.gravatar.com\/avatar\/752ab1088a5ce88b8c12eeb05bafe23c8611b12ccbfc8621c0e4dd63e5e440a1?s=96&d=mm&r=g","url":"https:\/\/secure.gravatar.com\/avatar\/752ab1088a5ce88b8c12eeb05bafe23c8611b12ccbfc8621c0e4dd63e5e440a1?s=96&d=mm&r=g","contentUrl":"https:\/\/secure.gravatar.com\/avatar\/752ab1088a5ce88b8c12eeb05bafe23c8611b12ccbfc8621c0e4dd63e5e440a1?s=96&d=mm&r=g","caption":"J\u00f3hann Vilhj\u00e1lmsson"},"logo":{"@id":"https:\/\/secure.gravatar.com\/avatar\/752ab1088a5ce88b8c12eeb05bafe23c8611b12ccbfc8621c0e4dd63e5e440a1?s=96&d=mm&r=g"},"sameAs":["https:\/\/www.joibyssusmidur.com"]}]}},"_links":{"self":[{"href":"https:\/\/www.joibyssusmidur.com\/index.php\/wp-json\/wp\/v2\/pages\/3415","targetHints":{"allow":["GET"]}}],"collection":[{"href":"https:\/\/www.joibyssusmidur.com\/index.php\/wp-json\/wp\/v2\/pages"}],"about":[{"href":"https:\/\/www.joibyssusmidur.com\/index.php\/wp-json\/wp\/v2\/types\/page"}],"author":[{"embeddable":true,"href":"https:\/\/www.joibyssusmidur.com\/index.php\/wp-json\/wp\/v2\/users\/5"}],"replies":[{"embeddable":true,"href":"https:\/\/www.joibyssusmidur.com\/index.php\/wp-json\/wp\/v2\/comments?post=3415"}],"version-history":[{"count":1,"href":"https:\/\/www.joibyssusmidur.com\/index.php\/wp-json\/wp\/v2\/pages\/3415\/revisions"}],"predecessor-version":[{"id":3417,"href":"https:\/\/www.joibyssusmidur.com\/index.php\/wp-json\/wp\/v2\/pages\/3415\/revisions\/3417"}],"up":[{"embeddable":true,"href":"https:\/\/www.joibyssusmidur.com\/index.php\/wp-json\/wp\/v2\/pages\/3257"}],"wp:attachment":[{"href":"https:\/\/www.joibyssusmidur.com\/index.php\/wp-json\/wp\/v2\/media?parent=3415"}],"curies":[{"name":"wp","href":"https:\/\/api.w.org\/{rel}","templated":true}]}}