{"id":2090,"date":"2019-08-23T13:58:45","date_gmt":"2019-08-23T13:58:45","guid":{"rendered":"http:\/\/joibyssusmidur.com\/?page_id=2090"},"modified":"2020-08-12T14:14:55","modified_gmt":"2020-08-12T14:14:55","slug":"remington-nitromagnum","status":"publish","type":"page","link":"https:\/\/www.joibyssusmidur.com\/index.php\/ymsar-vorur\/haglaskot\/remington-nitromagnum\/","title":{"rendered":"Remington"},"content":{"rendered":"<p>Remington Nitro Magnum Eru af flestum talin bestu vei\u00f0iskotin fyrir g\u00e6savei\u00f0i \u00e1 \u00cdslandi.\u00a0 Hert h\u00f6gl, poly buffer og vanda\u00f0 forhla\u00f0 skila h\u00f6glum \u00e1 1260 feta hra\u00f0a. \u00a0<strong>\u00a0\u00a0<\/strong><\/p>\n<p>Oftar en ekki og fullt tilefni til \u00fe\u00e1 velta menn fyrir s\u00e9r \u00ed hverju ver\u00f0munurinn liggur. A\u00f0 m\u00ednu mati \u00fe\u00e1 skipta g\u00e6\u00f0i hagla mestu m\u00e1li og \u00f3h\u00e6tt a\u00f0 segja a\u00f0 h\u00f6lg \u00far hertu bl\u00fdi skili betri g\u00e6\u00f0um. H\u00f6gl sem koma fr\u00e1 framlei\u00f0endum \u00fear sem lakari kostir \u00ed efnisvali eru nota\u00f0ir aflagast \u00feegar \u00feau \u00fer\u00fdstast \u00ed genum hlaup og \u00ferengingu. Afl\u00f6gu\u00f0 h\u00f6gl skila verri \u00e1komu og ganga s\u00ed\u00f0ur inn \u00ed fuglin.<\/p>\n<p>&nbsp;<\/p>\n<p><img loading=\"lazy\" decoding=\"async\" class=\"alignnone size-full wp-image-2025\" src=\"https:\/\/www.joibyssusmidur.com\/wp-content\/uploads\/2019\/08\/Remington-Nitro-Mag.jpg\" alt=\"\" width=\"800\" height=\"842\" srcset=\"https:\/\/www.joibyssusmidur.com\/wp-content\/uploads\/2019\/08\/Remington-Nitro-Mag.jpg 800w, https:\/\/www.joibyssusmidur.com\/wp-content\/uploads\/2019\/08\/Remington-Nitro-Mag-285x300.jpg 285w, https:\/\/www.joibyssusmidur.com\/wp-content\/uploads\/2019\/08\/Remington-Nitro-Mag-768x808.jpg 768w\" sizes=\"auto, (max-width: 800px) 100vw, 800px\" \/><\/p>\n<p>&nbsp;<\/p>\n","protected":false},"excerpt":{"rendered":"<p>Remington Nitro Magnum Eru af flestum talin bestu vei\u00f0iskotin fyrir g\u00e6savei\u00f0i \u00e1 \u00cdslandi.\u00a0 Hert h\u00f6gl, poly buffer og vanda\u00f0 forhla\u00f0 skila h\u00f6glum \u00e1 1260 feta hra\u00f0a. \u00a0\u00a0\u00a0 Oftar en ekki og fullt tilefni til \u00fe\u00e1 velta menn fyrir s\u00e9r \u00ed &hellip; <a class=\"more-link\" href=\"https:\/\/www.joibyssusmidur.com\/index.php\/ymsar-vorur\/haglaskot\/remington-nitromagnum\/\">Continue reading <span class=\"meta-nav\">&rarr;<\/span><\/a><\/p>\n","protected":false},"author":5,"featured_media":0,"parent":784,"menu_order":0,"comment_status":"closed","ping_status":"closed","template":"","meta":{"footnotes":""},"class_list":["post-2090","page","type-page","status-publish","hentry"],"yoast_head":"<!-- This site is optimized with the Yoast SEO plugin v27.4 - https:\/\/yoast.com\/product\/yoast-seo-wordpress\/ -->\n<title>Remington - J\u00f3i byssusmi\u00f0ur<\/title>\n<meta name=\"robots\" content=\"index, follow, max-snippet:-1, max-image-preview:large, max-video-preview:-1\" \/>\n<link rel=\"canonical\" href=\"https:\/\/www.joibyssusmidur.com\/index.php\/ymsar-vorur\/haglaskot\/remington-nitromagnum\/\" \/>\n<meta property=\"og:locale\" content=\"en_US\" \/>\n<meta property=\"og:type\" content=\"article\" \/>\n<meta property=\"og:title\" content=\"Remington - J\u00f3i byssusmi\u00f0ur\" \/>\n<meta property=\"og:description\" content=\"Remington Nitro Magnum Eru af flestum talin bestu vei\u00f0iskotin fyrir g\u00e6savei\u00f0i \u00e1 \u00cdslandi.\u00a0 Hert h\u00f6gl, poly buffer og vanda\u00f0 forhla\u00f0 skila h\u00f6glum \u00e1 1260 feta hra\u00f0a. \u00a0\u00a0\u00a0 Oftar en ekki og fullt tilefni til \u00fe\u00e1 velta menn fyrir s\u00e9r \u00ed &hellip; Continue reading &rarr;\" \/>\n<meta property=\"og:url\" content=\"https:\/\/www.joibyssusmidur.com\/index.php\/ymsar-vorur\/haglaskot\/remington-nitromagnum\/\" \/>\n<meta property=\"og:site_name\" content=\"J\u00f3i byssusmi\u00f0ur\" \/>\n<meta property=\"article:modified_time\" content=\"2020-08-12T14:14:55+00:00\" \/>\n<meta property=\"og:image\" content=\"https:\/\/www.joibyssusmidur.com\/wp-content\/uploads\/2019\/08\/Remington-Nitro-Mag.jpg\" \/>\n<meta name=\"twitter:card\" content=\"summary_large_image\" \/>\n<meta name=\"twitter:label1\" content=\"Est. reading time\" \/>\n\t<meta name=\"twitter:data1\" content=\"1 minute\" \/>\n<script type=\"application\/ld+json\" class=\"yoast-schema-graph\">{\"@context\":\"https:\\\/\\\/schema.org\",\"@graph\":[{\"@type\":\"WebPage\",\"@id\":\"https:\\\/\\\/www.joibyssusmidur.com\\\/index.php\\\/ymsar-vorur\\\/haglaskot\\\/remington-nitromagnum\\\/\",\"url\":\"https:\\\/\\\/www.joibyssusmidur.com\\\/index.php\\\/ymsar-vorur\\\/haglaskot\\\/remington-nitromagnum\\\/\",\"name\":\"Remington - J\u00f3i byssusmi\u00f0ur\",\"isPartOf\":{\"@id\":\"https:\\\/\\\/www.joibyssusmidur.com\\\/#website\"},\"primaryImageOfPage\":{\"@id\":\"https:\\\/\\\/www.joibyssusmidur.com\\\/index.php\\\/ymsar-vorur\\\/haglaskot\\\/remington-nitromagnum\\\/#primaryimage\"},\"image\":{\"@id\":\"https:\\\/\\\/www.joibyssusmidur.com\\\/index.php\\\/ymsar-vorur\\\/haglaskot\\\/remington-nitromagnum\\\/#primaryimage\"},\"thumbnailUrl\":\"https:\\\/\\\/www.joibyssusmidur.com\\\/wp-content\\\/uploads\\\/2019\\\/08\\\/Remington-Nitro-Mag.jpg\",\"datePublished\":\"2019-08-23T13:58:45+00:00\",\"dateModified\":\"2020-08-12T14:14:55+00:00\",\"breadcrumb\":{\"@id\":\"https:\\\/\\\/www.joibyssusmidur.com\\\/index.php\\\/ymsar-vorur\\\/haglaskot\\\/remington-nitromagnum\\\/#breadcrumb\"},\"inLanguage\":\"en-US\",\"potentialAction\":[{\"@type\":\"ReadAction\",\"target\":[\"https:\\\/\\\/www.joibyssusmidur.com\\\/index.php\\\/ymsar-vorur\\\/haglaskot\\\/remington-nitromagnum\\\/\"]}]},{\"@type\":\"ImageObject\",\"inLanguage\":\"en-US\",\"@id\":\"https:\\\/\\\/www.joibyssusmidur.com\\\/index.php\\\/ymsar-vorur\\\/haglaskot\\\/remington-nitromagnum\\\/#primaryimage\",\"url\":\"https:\\\/\\\/www.joibyssusmidur.com\\\/wp-content\\\/uploads\\\/2019\\\/08\\\/Remington-Nitro-Mag.jpg\",\"contentUrl\":\"https:\\\/\\\/www.joibyssusmidur.com\\\/wp-content\\\/uploads\\\/2019\\\/08\\\/Remington-Nitro-Mag.jpg\",\"width\":800,\"height\":842},{\"@type\":\"BreadcrumbList\",\"@id\":\"https:\\\/\\\/www.joibyssusmidur.com\\\/index.php\\\/ymsar-vorur\\\/haglaskot\\\/remington-nitromagnum\\\/#breadcrumb\",\"itemListElement\":[{\"@type\":\"ListItem\",\"position\":1,\"name\":\"Home\",\"item\":\"https:\\\/\\\/www.joibyssusmidur.com\\\/\"},{\"@type\":\"ListItem\",\"position\":2,\"name\":\"\u00ddmsar v\u00f6rur\",\"item\":\"https:\\\/\\\/www.joibyssusmidur.com\\\/index.php\\\/ymsar-vorur\\\/\"},{\"@type\":\"ListItem\",\"position\":3,\"name\":\"Haglaskot\",\"item\":\"https:\\\/\\\/www.joibyssusmidur.com\\\/index.php\\\/ymsar-vorur\\\/haglaskot\\\/\"},{\"@type\":\"ListItem\",\"position\":4,\"name\":\"Remington\"}]},{\"@type\":\"WebSite\",\"@id\":\"https:\\\/\\\/www.joibyssusmidur.com\\\/#website\",\"url\":\"https:\\\/\\\/www.joibyssusmidur.com\\\/\",\"name\":\"J\u00f3i byssusmi\u00f0ur\",\"description\":\"joibyssusmidur\",\"publisher\":{\"@id\":\"https:\\\/\\\/www.joibyssusmidur.com\\\/#\\\/schema\\\/person\\\/8a757fb5de9f249e91d49840047de199\"},\"potentialAction\":[{\"@type\":\"SearchAction\",\"target\":{\"@type\":\"EntryPoint\",\"urlTemplate\":\"https:\\\/\\\/www.joibyssusmidur.com\\\/?s={search_term_string}\"},\"query-input\":{\"@type\":\"PropertyValueSpecification\",\"valueRequired\":true,\"valueName\":\"search_term_string\"}}],\"inLanguage\":\"en-US\"},{\"@type\":[\"Person\",\"Organization\"],\"@id\":\"https:\\\/\\\/www.joibyssusmidur.com\\\/#\\\/schema\\\/person\\\/8a757fb5de9f249e91d49840047de199\",\"name\":\"J\u00f3hann Vilhj\u00e1lmsson\",\"image\":{\"@type\":\"ImageObject\",\"inLanguage\":\"en-US\",\"@id\":\"https:\\\/\\\/secure.gravatar.com\\\/avatar\\\/752ab1088a5ce88b8c12eeb05bafe23c8611b12ccbfc8621c0e4dd63e5e440a1?s=96&d=mm&r=g\",\"url\":\"https:\\\/\\\/secure.gravatar.com\\\/avatar\\\/752ab1088a5ce88b8c12eeb05bafe23c8611b12ccbfc8621c0e4dd63e5e440a1?s=96&d=mm&r=g\",\"contentUrl\":\"https:\\\/\\\/secure.gravatar.com\\\/avatar\\\/752ab1088a5ce88b8c12eeb05bafe23c8611b12ccbfc8621c0e4dd63e5e440a1?s=96&d=mm&r=g\",\"caption\":\"J\u00f3hann Vilhj\u00e1lmsson\"},\"logo\":{\"@id\":\"https:\\\/\\\/secure.gravatar.com\\\/avatar\\\/752ab1088a5ce88b8c12eeb05bafe23c8611b12ccbfc8621c0e4dd63e5e440a1?s=96&d=mm&r=g\"},\"sameAs\":[\"https:\\\/\\\/www.joibyssusmidur.com\"]}]}<\/script>\n<!-- \/ Yoast SEO plugin. -->","yoast_head_json":{"title":"Remington - J\u00f3i byssusmi\u00f0ur","robots":{"index":"index","follow":"follow","max-snippet":"max-snippet:-1","max-image-preview":"max-image-preview:large","max-video-preview":"max-video-preview:-1"},"canonical":"https:\/\/www.joibyssusmidur.com\/index.php\/ymsar-vorur\/haglaskot\/remington-nitromagnum\/","og_locale":"en_US","og_type":"article","og_title":"Remington - J\u00f3i byssusmi\u00f0ur","og_description":"Remington Nitro Magnum Eru af flestum talin bestu vei\u00f0iskotin fyrir g\u00e6savei\u00f0i \u00e1 \u00cdslandi.\u00a0 Hert h\u00f6gl, poly buffer og vanda\u00f0 forhla\u00f0 skila h\u00f6glum \u00e1 1260 feta hra\u00f0a. \u00a0\u00a0\u00a0 Oftar en ekki og fullt tilefni til \u00fe\u00e1 velta menn fyrir s\u00e9r \u00ed &hellip; Continue reading &rarr;","og_url":"https:\/\/www.joibyssusmidur.com\/index.php\/ymsar-vorur\/haglaskot\/remington-nitromagnum\/","og_site_name":"J\u00f3i byssusmi\u00f0ur","article_modified_time":"2020-08-12T14:14:55+00:00","og_image":[{"url":"https:\/\/www.joibyssusmidur.com\/wp-content\/uploads\/2019\/08\/Remington-Nitro-Mag.jpg","type":"","width":"","height":""}],"twitter_card":"summary_large_image","twitter_misc":{"Est. reading time":"1 minute"},"schema":{"@context":"https:\/\/schema.org","@graph":[{"@type":"WebPage","@id":"https:\/\/www.joibyssusmidur.com\/index.php\/ymsar-vorur\/haglaskot\/remington-nitromagnum\/","url":"https:\/\/www.joibyssusmidur.com\/index.php\/ymsar-vorur\/haglaskot\/remington-nitromagnum\/","name":"Remington - J\u00f3i byssusmi\u00f0ur","isPartOf":{"@id":"https:\/\/www.joibyssusmidur.com\/#website"},"primaryImageOfPage":{"@id":"https:\/\/www.joibyssusmidur.com\/index.php\/ymsar-vorur\/haglaskot\/remington-nitromagnum\/#primaryimage"},"image":{"@id":"https:\/\/www.joibyssusmidur.com\/index.php\/ymsar-vorur\/haglaskot\/remington-nitromagnum\/#primaryimage"},"thumbnailUrl":"https:\/\/www.joibyssusmidur.com\/wp-content\/uploads\/2019\/08\/Remington-Nitro-Mag.jpg","datePublished":"2019-08-23T13:58:45+00:00","dateModified":"2020-08-12T14:14:55+00:00","breadcrumb":{"@id":"https:\/\/www.joibyssusmidur.com\/index.php\/ymsar-vorur\/haglaskot\/remington-nitromagnum\/#breadcrumb"},"inLanguage":"en-US","potentialAction":[{"@type":"ReadAction","target":["https:\/\/www.joibyssusmidur.com\/index.php\/ymsar-vorur\/haglaskot\/remington-nitromagnum\/"]}]},{"@type":"ImageObject","inLanguage":"en-US","@id":"https:\/\/www.joibyssusmidur.com\/index.php\/ymsar-vorur\/haglaskot\/remington-nitromagnum\/#primaryimage","url":"https:\/\/www.joibyssusmidur.com\/wp-content\/uploads\/2019\/08\/Remington-Nitro-Mag.jpg","contentUrl":"https:\/\/www.joibyssusmidur.com\/wp-content\/uploads\/2019\/08\/Remington-Nitro-Mag.jpg","width":800,"height":842},{"@type":"BreadcrumbList","@id":"https:\/\/www.joibyssusmidur.com\/index.php\/ymsar-vorur\/haglaskot\/remington-nitromagnum\/#breadcrumb","itemListElement":[{"@type":"ListItem","position":1,"name":"Home","item":"https:\/\/www.joibyssusmidur.com\/"},{"@type":"ListItem","position":2,"name":"\u00ddmsar v\u00f6rur","item":"https:\/\/www.joibyssusmidur.com\/index.php\/ymsar-vorur\/"},{"@type":"ListItem","position":3,"name":"Haglaskot","item":"https:\/\/www.joibyssusmidur.com\/index.php\/ymsar-vorur\/haglaskot\/"},{"@type":"ListItem","position":4,"name":"Remington"}]},{"@type":"WebSite","@id":"https:\/\/www.joibyssusmidur.com\/#website","url":"https:\/\/www.joibyssusmidur.com\/","name":"J\u00f3i byssusmi\u00f0ur","description":"joibyssusmidur","publisher":{"@id":"https:\/\/www.joibyssusmidur.com\/#\/schema\/person\/8a757fb5de9f249e91d49840047de199"},"potentialAction":[{"@type":"SearchAction","target":{"@type":"EntryPoint","urlTemplate":"https:\/\/www.joibyssusmidur.com\/?s={search_term_string}"},"query-input":{"@type":"PropertyValueSpecification","valueRequired":true,"valueName":"search_term_string"}}],"inLanguage":"en-US"},{"@type":["Person","Organization"],"@id":"https:\/\/www.joibyssusmidur.com\/#\/schema\/person\/8a757fb5de9f249e91d49840047de199","name":"J\u00f3hann Vilhj\u00e1lmsson","image":{"@type":"ImageObject","inLanguage":"en-US","@id":"https:\/\/secure.gravatar.com\/avatar\/752ab1088a5ce88b8c12eeb05bafe23c8611b12ccbfc8621c0e4dd63e5e440a1?s=96&d=mm&r=g","url":"https:\/\/secure.gravatar.com\/avatar\/752ab1088a5ce88b8c12eeb05bafe23c8611b12ccbfc8621c0e4dd63e5e440a1?s=96&d=mm&r=g","contentUrl":"https:\/\/secure.gravatar.com\/avatar\/752ab1088a5ce88b8c12eeb05bafe23c8611b12ccbfc8621c0e4dd63e5e440a1?s=96&d=mm&r=g","caption":"J\u00f3hann Vilhj\u00e1lmsson"},"logo":{"@id":"https:\/\/secure.gravatar.com\/avatar\/752ab1088a5ce88b8c12eeb05bafe23c8611b12ccbfc8621c0e4dd63e5e440a1?s=96&d=mm&r=g"},"sameAs":["https:\/\/www.joibyssusmidur.com"]}]}},"_links":{"self":[{"href":"https:\/\/www.joibyssusmidur.com\/index.php\/wp-json\/wp\/v2\/pages\/2090","targetHints":{"allow":["GET"]}}],"collection":[{"href":"https:\/\/www.joibyssusmidur.com\/index.php\/wp-json\/wp\/v2\/pages"}],"about":[{"href":"https:\/\/www.joibyssusmidur.com\/index.php\/wp-json\/wp\/v2\/types\/page"}],"author":[{"embeddable":true,"href":"https:\/\/www.joibyssusmidur.com\/index.php\/wp-json\/wp\/v2\/users\/5"}],"replies":[{"embeddable":true,"href":"https:\/\/www.joibyssusmidur.com\/index.php\/wp-json\/wp\/v2\/comments?post=2090"}],"version-history":[{"count":4,"href":"https:\/\/www.joibyssusmidur.com\/index.php\/wp-json\/wp\/v2\/pages\/2090\/revisions"}],"predecessor-version":[{"id":2585,"href":"https:\/\/www.joibyssusmidur.com\/index.php\/wp-json\/wp\/v2\/pages\/2090\/revisions\/2585"}],"up":[{"embeddable":true,"href":"https:\/\/www.joibyssusmidur.com\/index.php\/wp-json\/wp\/v2\/pages\/784"}],"wp:attachment":[{"href":"https:\/\/www.joibyssusmidur.com\/index.php\/wp-json\/wp\/v2\/media?parent=2090"}],"curies":[{"name":"wp","href":"https:\/\/api.w.org\/{rel}","templated":true}]}}