{"id":1041,"date":"2018-03-16T12:35:21","date_gmt":"2018-03-16T12:35:21","guid":{"rendered":"http:\/\/joibyssusmidur.com\/?page_id=1041"},"modified":"2024-07-06T17:55:37","modified_gmt":"2024-07-06T17:55:37","slug":"bergara-aukahlutir","status":"publish","type":"page","link":"https:\/\/www.joibyssusmidur.com\/index.php\/ymsar-vorur\/bergara-aukahlutir\/","title":{"rendered":"Bergara aukahlutir"},"content":{"rendered":"<p><img loading=\"lazy\" decoding=\"async\" class=\"aligncenter size-full wp-image-3594\" src=\"https:\/\/www.joibyssusmidur.com\/wp-content\/uploads\/2024\/07\/Bergara-gikkbjorg-trigger-guard-for-detachable-aics-magazine.jpg\" alt=\"\" width=\"950\" height=\"950\" srcset=\"https:\/\/www.joibyssusmidur.com\/wp-content\/uploads\/2024\/07\/Bergara-gikkbjorg-trigger-guard-for-detachable-aics-magazine.jpg 950w, https:\/\/www.joibyssusmidur.com\/wp-content\/uploads\/2024\/07\/Bergara-gikkbjorg-trigger-guard-for-detachable-aics-magazine-300x300.jpg 300w, https:\/\/www.joibyssusmidur.com\/wp-content\/uploads\/2024\/07\/Bergara-gikkbjorg-trigger-guard-for-detachable-aics-magazine-150x150.jpg 150w, https:\/\/www.joibyssusmidur.com\/wp-content\/uploads\/2024\/07\/Bergara-gikkbjorg-trigger-guard-for-detachable-aics-magazine-768x768.jpg 768w, https:\/\/www.joibyssusmidur.com\/wp-content\/uploads\/2024\/07\/Bergara-gikkbjorg-trigger-guard-for-detachable-aics-magazine-144x144.jpg 144w\" sizes=\"auto, (max-width: 950px) 100vw, 950px\" \/><\/p>\n<p>Gikkbj\u00f6rg fyrir\u00a0 Bergara\u00a0 short action ( passar einnig fyrir Remington) \u00far\u00a0 m\u00e1lmi<\/p>\n<p>Ver\u00f0 13.000<\/p>\n<p><img loading=\"lazy\" decoding=\"async\" class=\"aligncenter size-full wp-image-3592\" src=\"https:\/\/www.joibyssusmidur.com\/wp-content\/uploads\/2024\/07\/Bergara-22Trainer-skotgeimir-removable-magazine-b14r-type-aics.jpg\" alt=\"\" width=\"418\" height=\"591\" srcset=\"https:\/\/www.joibyssusmidur.com\/wp-content\/uploads\/2024\/07\/Bergara-22Trainer-skotgeimir-removable-magazine-b14r-type-aics.jpg 418w, https:\/\/www.joibyssusmidur.com\/wp-content\/uploads\/2024\/07\/Bergara-22Trainer-skotgeimir-removable-magazine-b14r-type-aics-212x300.jpg 212w\" sizes=\"auto, (max-width: 418px) 100vw, 418px\" \/><\/p>\n<p>Bergara skotgeymir fyrir Bergara B14\u00a0 Trainer 22 LR.\u00a0 10 skota<\/p>\n<p>ver\u00f0 8.000 kr<\/p>\n<div id=\"attachment_1063\" style=\"width: 769px\" class=\"wp-caption alignnone\"><img loading=\"lazy\" decoding=\"async\" aria-describedby=\"caption-attachment-1063\" class=\"wp-image-1063 size-full\" src=\"https:\/\/www.joibyssusmidur.com\/wp-content\/uploads\/2018\/03\/Bergara-magazin2-1.jpg\" alt=\"\" width=\"759\" height=\"297\" srcset=\"https:\/\/www.joibyssusmidur.com\/wp-content\/uploads\/2018\/03\/Bergara-magazin2-1.jpg 759w, https:\/\/www.joibyssusmidur.com\/wp-content\/uploads\/2018\/03\/Bergara-magazin2-1-300x117.jpg 300w, https:\/\/www.joibyssusmidur.com\/wp-content\/uploads\/2018\/03\/Bergara-magazin2-1-500x196.jpg 500w\" sizes=\"auto, (max-width: 759px) 100vw, 759px\" \/><p id=\"caption-attachment-1063\" class=\"wp-caption-text\">Bergara magas\u00edn fyrir 3 skot og gikkbj\u00f6rg. Ver\u00f0: 14.000 kr. ATH Passar \u00ed Bergara og Remington 700.<\/p><\/div>\n<div id=\"attachment_1064\" style=\"width: 1168px\" class=\"wp-caption alignnone\"><img loading=\"lazy\" decoding=\"async\" aria-describedby=\"caption-attachment-1064\" class=\"wp-image-1064 size-full\" src=\"https:\/\/www.joibyssusmidur.com\/wp-content\/uploads\/2018\/03\/Taska-h\u00f6r\u00f0.jpg\" alt=\"\" width=\"1158\" height=\"278\" srcset=\"https:\/\/www.joibyssusmidur.com\/wp-content\/uploads\/2018\/03\/Taska-h\u00f6r\u00f0.jpg 1158w, https:\/\/www.joibyssusmidur.com\/wp-content\/uploads\/2018\/03\/Taska-h\u00f6r\u00f0-300x72.jpg 300w, https:\/\/www.joibyssusmidur.com\/wp-content\/uploads\/2018\/03\/Taska-h\u00f6r\u00f0-768x184.jpg 768w, https:\/\/www.joibyssusmidur.com\/wp-content\/uploads\/2018\/03\/Taska-h\u00f6r\u00f0-1024x246.jpg 1024w, https:\/\/www.joibyssusmidur.com\/wp-content\/uploads\/2018\/03\/Taska-h\u00f6r\u00f0-500x120.jpg 500w\" sizes=\"auto, (max-width: 1158px) 100vw, 1158px\" \/><p id=\"caption-attachment-1064\" class=\"wp-caption-text\">V\u00f6ndu\u00f0 taska fyrir vei\u00f0ibyssur. Ver\u00f0: 12.000 kr<\/p><\/div>\n<div id=\"attachment_1044\" style=\"width: 810px\" class=\"wp-caption alignnone\"><img loading=\"lazy\" decoding=\"async\" aria-describedby=\"caption-attachment-1044\" class=\"wp-image-1044 size-full\" src=\"https:\/\/www.joibyssusmidur.com\/wp-content\/uploads\/2018\/03\/Boltahandfang.jpg\" alt=\"\" width=\"800\" height=\"800\" srcset=\"https:\/\/www.joibyssusmidur.com\/wp-content\/uploads\/2018\/03\/Boltahandfang.jpg 800w, https:\/\/www.joibyssusmidur.com\/wp-content\/uploads\/2018\/03\/Boltahandfang-150x150.jpg 150w, https:\/\/www.joibyssusmidur.com\/wp-content\/uploads\/2018\/03\/Boltahandfang-300x300.jpg 300w, https:\/\/www.joibyssusmidur.com\/wp-content\/uploads\/2018\/03\/Boltahandfang-768x768.jpg 768w\" sizes=\"auto, (max-width: 800px) 100vw, 800px\" \/><p id=\"caption-attachment-1044\" class=\"wp-caption-text\">Bergara boltahandfang. Ver\u00f0: 6.000 kr<\/p><\/div>\n<div id=\"attachment_1045\" style=\"width: 950px\" class=\"wp-caption alignnone\"><img loading=\"lazy\" decoding=\"async\" aria-describedby=\"caption-attachment-1045\" class=\"wp-image-1045 size-large\" src=\"https:\/\/www.joibyssusmidur.com\/wp-content\/uploads\/2018\/03\/Byssupoki1-1-1024x538.jpg\" alt=\"\" width=\"940\" height=\"494\" srcset=\"https:\/\/www.joibyssusmidur.com\/wp-content\/uploads\/2018\/03\/Byssupoki1-1-1024x538.jpg 1024w, https:\/\/www.joibyssusmidur.com\/wp-content\/uploads\/2018\/03\/Byssupoki1-1-300x158.jpg 300w, https:\/\/www.joibyssusmidur.com\/wp-content\/uploads\/2018\/03\/Byssupoki1-1-768x403.jpg 768w, https:\/\/www.joibyssusmidur.com\/wp-content\/uploads\/2018\/03\/Byssupoki1-1-500x263.jpg 500w, https:\/\/www.joibyssusmidur.com\/wp-content\/uploads\/2018\/03\/Byssupoki1-1.jpg 1280w\" sizes=\"auto, (max-width: 940px) 100vw, 940px\" \/><p id=\"caption-attachment-1045\" class=\"wp-caption-text\">Bergara byssutaska. Ver\u00f0: 7.000 kr<\/p><\/div>\n<div id=\"attachment_1032\" style=\"width: 829px\" class=\"wp-caption alignnone\"><img loading=\"lazy\" decoding=\"async\" aria-describedby=\"caption-attachment-1032\" class=\"wp-image-1032 size-large\" src=\"https:\/\/www.joibyssusmidur.com\/wp-content\/uploads\/2018\/03\/BA-13-taska-3-819x1024.jpeg\" alt=\"\" width=\"819\" height=\"1024\" srcset=\"https:\/\/www.joibyssusmidur.com\/wp-content\/uploads\/2018\/03\/BA-13-taska-3-819x1024.jpeg 819w, https:\/\/www.joibyssusmidur.com\/wp-content\/uploads\/2018\/03\/BA-13-taska-3-240x300.jpeg 240w, https:\/\/www.joibyssusmidur.com\/wp-content\/uploads\/2018\/03\/BA-13-taska-3-768x960.jpeg 768w, https:\/\/www.joibyssusmidur.com\/wp-content\/uploads\/2018\/03\/BA-13-taska-3.jpeg 1200w\" sizes=\"auto, (max-width: 819px) 100vw, 819px\" \/><p id=\"caption-attachment-1032\" class=\"wp-caption-text\">Taska fyrir B13 vei\u00f0ibyssur. Ver\u00f0: 9.000 kr<\/p><\/div>\n","protected":false},"excerpt":{"rendered":"<p>Gikkbj\u00f6rg fyrir\u00a0 Bergara\u00a0 short action ( passar einnig fyrir Remington) \u00far\u00a0 m\u00e1lmi Ver\u00f0 13.000 Bergara skotgeymir fyrir Bergara B14\u00a0 Trainer 22 LR.\u00a0 10 skota ver\u00f0 8.000 kr &hellip; <a class=\"more-link\" href=\"https:\/\/www.joibyssusmidur.com\/index.php\/ymsar-vorur\/bergara-aukahlutir\/\">Continue reading <span class=\"meta-nav\">&rarr;<\/span><\/a><\/p>\n","protected":false},"author":5,"featured_media":0,"parent":22,"menu_order":0,"comment_status":"closed","ping_status":"closed","template":"","meta":{"footnotes":""},"class_list":["post-1041","page","type-page","status-publish","hentry"],"yoast_head":"<!-- This site is optimized with the Yoast SEO plugin v27.4 - https:\/\/yoast.com\/product\/yoast-seo-wordpress\/ -->\n<title>Bergara aukahlutir - J\u00f3i byssusmi\u00f0ur<\/title>\n<meta name=\"robots\" content=\"index, follow, max-snippet:-1, max-image-preview:large, max-video-preview:-1\" \/>\n<link rel=\"canonical\" href=\"https:\/\/www.joibyssusmidur.com\/index.php\/ymsar-vorur\/bergara-aukahlutir\/\" \/>\n<meta property=\"og:locale\" content=\"en_US\" \/>\n<meta property=\"og:type\" content=\"article\" \/>\n<meta property=\"og:title\" content=\"Bergara aukahlutir - J\u00f3i byssusmi\u00f0ur\" \/>\n<meta property=\"og:description\" content=\"Gikkbj\u00f6rg fyrir\u00a0 Bergara\u00a0 short action ( passar einnig fyrir Remington) \u00far\u00a0 m\u00e1lmi Ver\u00f0 13.000 Bergara skotgeymir fyrir Bergara B14\u00a0 Trainer 22 LR.\u00a0 10 skota ver\u00f0 8.000 kr &hellip; Continue reading &rarr;\" \/>\n<meta property=\"og:url\" content=\"https:\/\/www.joibyssusmidur.com\/index.php\/ymsar-vorur\/bergara-aukahlutir\/\" \/>\n<meta property=\"og:site_name\" content=\"J\u00f3i byssusmi\u00f0ur\" \/>\n<meta property=\"article:modified_time\" content=\"2024-07-06T17:55:37+00:00\" \/>\n<meta property=\"og:image\" content=\"https:\/\/www.joibyssusmidur.com\/wp-content\/uploads\/2024\/07\/Bergara-gikkbjorg-trigger-guard-for-detachable-aics-magazine.jpg\" \/>\n<meta name=\"twitter:card\" content=\"summary_large_image\" \/>\n<meta name=\"twitter:label1\" content=\"Est. reading time\" \/>\n\t<meta name=\"twitter:data1\" content=\"2 minutes\" \/>\n<script type=\"application\/ld+json\" class=\"yoast-schema-graph\">{\"@context\":\"https:\\\/\\\/schema.org\",\"@graph\":[{\"@type\":\"WebPage\",\"@id\":\"https:\\\/\\\/www.joibyssusmidur.com\\\/index.php\\\/ymsar-vorur\\\/bergara-aukahlutir\\\/\",\"url\":\"https:\\\/\\\/www.joibyssusmidur.com\\\/index.php\\\/ymsar-vorur\\\/bergara-aukahlutir\\\/\",\"name\":\"Bergara aukahlutir - J\u00f3i byssusmi\u00f0ur\",\"isPartOf\":{\"@id\":\"https:\\\/\\\/www.joibyssusmidur.com\\\/#website\"},\"primaryImageOfPage\":{\"@id\":\"https:\\\/\\\/www.joibyssusmidur.com\\\/index.php\\\/ymsar-vorur\\\/bergara-aukahlutir\\\/#primaryimage\"},\"image\":{\"@id\":\"https:\\\/\\\/www.joibyssusmidur.com\\\/index.php\\\/ymsar-vorur\\\/bergara-aukahlutir\\\/#primaryimage\"},\"thumbnailUrl\":\"https:\\\/\\\/www.joibyssusmidur.com\\\/wp-content\\\/uploads\\\/2024\\\/07\\\/Bergara-gikkbjorg-trigger-guard-for-detachable-aics-magazine.jpg\",\"datePublished\":\"2018-03-16T12:35:21+00:00\",\"dateModified\":\"2024-07-06T17:55:37+00:00\",\"breadcrumb\":{\"@id\":\"https:\\\/\\\/www.joibyssusmidur.com\\\/index.php\\\/ymsar-vorur\\\/bergara-aukahlutir\\\/#breadcrumb\"},\"inLanguage\":\"en-US\",\"potentialAction\":[{\"@type\":\"ReadAction\",\"target\":[\"https:\\\/\\\/www.joibyssusmidur.com\\\/index.php\\\/ymsar-vorur\\\/bergara-aukahlutir\\\/\"]}]},{\"@type\":\"ImageObject\",\"inLanguage\":\"en-US\",\"@id\":\"https:\\\/\\\/www.joibyssusmidur.com\\\/index.php\\\/ymsar-vorur\\\/bergara-aukahlutir\\\/#primaryimage\",\"url\":\"https:\\\/\\\/www.joibyssusmidur.com\\\/wp-content\\\/uploads\\\/2024\\\/07\\\/Bergara-gikkbjorg-trigger-guard-for-detachable-aics-magazine.jpg\",\"contentUrl\":\"https:\\\/\\\/www.joibyssusmidur.com\\\/wp-content\\\/uploads\\\/2024\\\/07\\\/Bergara-gikkbjorg-trigger-guard-for-detachable-aics-magazine.jpg\",\"width\":950,\"height\":950},{\"@type\":\"BreadcrumbList\",\"@id\":\"https:\\\/\\\/www.joibyssusmidur.com\\\/index.php\\\/ymsar-vorur\\\/bergara-aukahlutir\\\/#breadcrumb\",\"itemListElement\":[{\"@type\":\"ListItem\",\"position\":1,\"name\":\"Home\",\"item\":\"https:\\\/\\\/www.joibyssusmidur.com\\\/\"},{\"@type\":\"ListItem\",\"position\":2,\"name\":\"\u00ddmsar v\u00f6rur\",\"item\":\"https:\\\/\\\/www.joibyssusmidur.com\\\/index.php\\\/ymsar-vorur\\\/\"},{\"@type\":\"ListItem\",\"position\":3,\"name\":\"Bergara aukahlutir\"}]},{\"@type\":\"WebSite\",\"@id\":\"https:\\\/\\\/www.joibyssusmidur.com\\\/#website\",\"url\":\"https:\\\/\\\/www.joibyssusmidur.com\\\/\",\"name\":\"J\u00f3i byssusmi\u00f0ur\",\"description\":\"joibyssusmidur\",\"publisher\":{\"@id\":\"https:\\\/\\\/www.joibyssusmidur.com\\\/#\\\/schema\\\/person\\\/8a757fb5de9f249e91d49840047de199\"},\"potentialAction\":[{\"@type\":\"SearchAction\",\"target\":{\"@type\":\"EntryPoint\",\"urlTemplate\":\"https:\\\/\\\/www.joibyssusmidur.com\\\/?s={search_term_string}\"},\"query-input\":{\"@type\":\"PropertyValueSpecification\",\"valueRequired\":true,\"valueName\":\"search_term_string\"}}],\"inLanguage\":\"en-US\"},{\"@type\":[\"Person\",\"Organization\"],\"@id\":\"https:\\\/\\\/www.joibyssusmidur.com\\\/#\\\/schema\\\/person\\\/8a757fb5de9f249e91d49840047de199\",\"name\":\"J\u00f3hann Vilhj\u00e1lmsson\",\"image\":{\"@type\":\"ImageObject\",\"inLanguage\":\"en-US\",\"@id\":\"https:\\\/\\\/secure.gravatar.com\\\/avatar\\\/752ab1088a5ce88b8c12eeb05bafe23c8611b12ccbfc8621c0e4dd63e5e440a1?s=96&d=mm&r=g\",\"url\":\"https:\\\/\\\/secure.gravatar.com\\\/avatar\\\/752ab1088a5ce88b8c12eeb05bafe23c8611b12ccbfc8621c0e4dd63e5e440a1?s=96&d=mm&r=g\",\"contentUrl\":\"https:\\\/\\\/secure.gravatar.com\\\/avatar\\\/752ab1088a5ce88b8c12eeb05bafe23c8611b12ccbfc8621c0e4dd63e5e440a1?s=96&d=mm&r=g\",\"caption\":\"J\u00f3hann Vilhj\u00e1lmsson\"},\"logo\":{\"@id\":\"https:\\\/\\\/secure.gravatar.com\\\/avatar\\\/752ab1088a5ce88b8c12eeb05bafe23c8611b12ccbfc8621c0e4dd63e5e440a1?s=96&d=mm&r=g\"},\"sameAs\":[\"https:\\\/\\\/www.joibyssusmidur.com\"]}]}<\/script>\n<!-- \/ Yoast SEO plugin. -->","yoast_head_json":{"title":"Bergara aukahlutir - J\u00f3i byssusmi\u00f0ur","robots":{"index":"index","follow":"follow","max-snippet":"max-snippet:-1","max-image-preview":"max-image-preview:large","max-video-preview":"max-video-preview:-1"},"canonical":"https:\/\/www.joibyssusmidur.com\/index.php\/ymsar-vorur\/bergara-aukahlutir\/","og_locale":"en_US","og_type":"article","og_title":"Bergara aukahlutir - J\u00f3i byssusmi\u00f0ur","og_description":"Gikkbj\u00f6rg fyrir\u00a0 Bergara\u00a0 short action ( passar einnig fyrir Remington) \u00far\u00a0 m\u00e1lmi Ver\u00f0 13.000 Bergara skotgeymir fyrir Bergara B14\u00a0 Trainer 22 LR.\u00a0 10 skota ver\u00f0 8.000 kr &hellip; Continue reading &rarr;","og_url":"https:\/\/www.joibyssusmidur.com\/index.php\/ymsar-vorur\/bergara-aukahlutir\/","og_site_name":"J\u00f3i byssusmi\u00f0ur","article_modified_time":"2024-07-06T17:55:37+00:00","og_image":[{"url":"https:\/\/www.joibyssusmidur.com\/wp-content\/uploads\/2024\/07\/Bergara-gikkbjorg-trigger-guard-for-detachable-aics-magazine.jpg","type":"","width":"","height":""}],"twitter_card":"summary_large_image","twitter_misc":{"Est. reading time":"2 minutes"},"schema":{"@context":"https:\/\/schema.org","@graph":[{"@type":"WebPage","@id":"https:\/\/www.joibyssusmidur.com\/index.php\/ymsar-vorur\/bergara-aukahlutir\/","url":"https:\/\/www.joibyssusmidur.com\/index.php\/ymsar-vorur\/bergara-aukahlutir\/","name":"Bergara aukahlutir - J\u00f3i byssusmi\u00f0ur","isPartOf":{"@id":"https:\/\/www.joibyssusmidur.com\/#website"},"primaryImageOfPage":{"@id":"https:\/\/www.joibyssusmidur.com\/index.php\/ymsar-vorur\/bergara-aukahlutir\/#primaryimage"},"image":{"@id":"https:\/\/www.joibyssusmidur.com\/index.php\/ymsar-vorur\/bergara-aukahlutir\/#primaryimage"},"thumbnailUrl":"https:\/\/www.joibyssusmidur.com\/wp-content\/uploads\/2024\/07\/Bergara-gikkbjorg-trigger-guard-for-detachable-aics-magazine.jpg","datePublished":"2018-03-16T12:35:21+00:00","dateModified":"2024-07-06T17:55:37+00:00","breadcrumb":{"@id":"https:\/\/www.joibyssusmidur.com\/index.php\/ymsar-vorur\/bergara-aukahlutir\/#breadcrumb"},"inLanguage":"en-US","potentialAction":[{"@type":"ReadAction","target":["https:\/\/www.joibyssusmidur.com\/index.php\/ymsar-vorur\/bergara-aukahlutir\/"]}]},{"@type":"ImageObject","inLanguage":"en-US","@id":"https:\/\/www.joibyssusmidur.com\/index.php\/ymsar-vorur\/bergara-aukahlutir\/#primaryimage","url":"https:\/\/www.joibyssusmidur.com\/wp-content\/uploads\/2024\/07\/Bergara-gikkbjorg-trigger-guard-for-detachable-aics-magazine.jpg","contentUrl":"https:\/\/www.joibyssusmidur.com\/wp-content\/uploads\/2024\/07\/Bergara-gikkbjorg-trigger-guard-for-detachable-aics-magazine.jpg","width":950,"height":950},{"@type":"BreadcrumbList","@id":"https:\/\/www.joibyssusmidur.com\/index.php\/ymsar-vorur\/bergara-aukahlutir\/#breadcrumb","itemListElement":[{"@type":"ListItem","position":1,"name":"Home","item":"https:\/\/www.joibyssusmidur.com\/"},{"@type":"ListItem","position":2,"name":"\u00ddmsar v\u00f6rur","item":"https:\/\/www.joibyssusmidur.com\/index.php\/ymsar-vorur\/"},{"@type":"ListItem","position":3,"name":"Bergara aukahlutir"}]},{"@type":"WebSite","@id":"https:\/\/www.joibyssusmidur.com\/#website","url":"https:\/\/www.joibyssusmidur.com\/","name":"J\u00f3i byssusmi\u00f0ur","description":"joibyssusmidur","publisher":{"@id":"https:\/\/www.joibyssusmidur.com\/#\/schema\/person\/8a757fb5de9f249e91d49840047de199"},"potentialAction":[{"@type":"SearchAction","target":{"@type":"EntryPoint","urlTemplate":"https:\/\/www.joibyssusmidur.com\/?s={search_term_string}"},"query-input":{"@type":"PropertyValueSpecification","valueRequired":true,"valueName":"search_term_string"}}],"inLanguage":"en-US"},{"@type":["Person","Organization"],"@id":"https:\/\/www.joibyssusmidur.com\/#\/schema\/person\/8a757fb5de9f249e91d49840047de199","name":"J\u00f3hann Vilhj\u00e1lmsson","image":{"@type":"ImageObject","inLanguage":"en-US","@id":"https:\/\/secure.gravatar.com\/avatar\/752ab1088a5ce88b8c12eeb05bafe23c8611b12ccbfc8621c0e4dd63e5e440a1?s=96&d=mm&r=g","url":"https:\/\/secure.gravatar.com\/avatar\/752ab1088a5ce88b8c12eeb05bafe23c8611b12ccbfc8621c0e4dd63e5e440a1?s=96&d=mm&r=g","contentUrl":"https:\/\/secure.gravatar.com\/avatar\/752ab1088a5ce88b8c12eeb05bafe23c8611b12ccbfc8621c0e4dd63e5e440a1?s=96&d=mm&r=g","caption":"J\u00f3hann Vilhj\u00e1lmsson"},"logo":{"@id":"https:\/\/secure.gravatar.com\/avatar\/752ab1088a5ce88b8c12eeb05bafe23c8611b12ccbfc8621c0e4dd63e5e440a1?s=96&d=mm&r=g"},"sameAs":["https:\/\/www.joibyssusmidur.com"]}]}},"_links":{"self":[{"href":"https:\/\/www.joibyssusmidur.com\/index.php\/wp-json\/wp\/v2\/pages\/1041","targetHints":{"allow":["GET"]}}],"collection":[{"href":"https:\/\/www.joibyssusmidur.com\/index.php\/wp-json\/wp\/v2\/pages"}],"about":[{"href":"https:\/\/www.joibyssusmidur.com\/index.php\/wp-json\/wp\/v2\/types\/page"}],"author":[{"embeddable":true,"href":"https:\/\/www.joibyssusmidur.com\/index.php\/wp-json\/wp\/v2\/users\/5"}],"replies":[{"embeddable":true,"href":"https:\/\/www.joibyssusmidur.com\/index.php\/wp-json\/wp\/v2\/comments?post=1041"}],"version-history":[{"count":13,"href":"https:\/\/www.joibyssusmidur.com\/index.php\/wp-json\/wp\/v2\/pages\/1041\/revisions"}],"predecessor-version":[{"id":3595,"href":"https:\/\/www.joibyssusmidur.com\/index.php\/wp-json\/wp\/v2\/pages\/1041\/revisions\/3595"}],"up":[{"embeddable":true,"href":"https:\/\/www.joibyssusmidur.com\/index.php\/wp-json\/wp\/v2\/pages\/22"}],"wp:attachment":[{"href":"https:\/\/www.joibyssusmidur.com\/index.php\/wp-json\/wp\/v2\/media?parent=1041"}],"curies":[{"name":"wp","href":"https:\/\/api.w.org\/{rel}","templated":true}]}}